3694101.
3, 431, 2857
List the prime factors of 48228.
2, 3, 4019
List the prime factors of 3188151.
3, 47, 7537
List the prime factors of 336170.
2, 5, 33617
List the prime factors of 18542192.
2, 1158887
List the prime factors of 57965.
5, 11593
List the prime factors of 1487108.
2, 7, 173, 307
What are the prime factors of 3498439?
7, 311, 1607
List the prime factors of 129800.
2, 5, 11, 59
What are the prime factors of 20518448?
2, 61, 21023
List the prime factors of 11768229.
3, 11, 29, 4099
List the prime factors of 5084.
2, 31, 41
What are the prime factors of 3416855?
5, 13, 52567
What are the prime factors of 2011486?
2, 109, 9227
What are the prime factors of 238200?
2, 3, 5, 397
What are the prime factors of 613854?
2, 3, 67, 509
List the prime factors of 489809.
131, 3739
List the prime factors of 263580.
2, 3, 5, 23, 191
List the prime factors of 4679987.
13, 599, 601
List the prime factors of 187479.
3, 37, 563
List the prime factors of 4171837.
4171837
List the prime factors of 1869.
3, 7, 89
What are the prime factors of 11065300?
2, 5, 17, 23, 283
What are the prime factors of 300279?
3, 7, 79, 181
List the prime factors of 17416191.
3, 13, 446569
List the prime factors of 1405861.
67, 20983
What are the prime factors of 518582?
2, 383, 677
List the prime factors of 60814.
2, 13, 2339
List the prime factors of 675075.
3, 5, 9001
List the prime factors of 336030.
2, 3, 5, 23, 487
List the prime factors of 398078.
2, 199039
What are the prime factors of 21015?
3, 5, 467
What are the prime factors of 9445870?
2, 5, 7, 23, 5867
List the prime factors of 24948717.
3, 101, 82339
What are the prime factors of 6781325?
5, 271253
What are the prime factors of 761288?
2, 11, 41, 211
What are the prime factors of 1505549?
809, 1861
List the prime factors of 4888378.
2, 11, 222199
List the prime factors of 689388.
2, 3, 7, 29, 283
List the prime factors of 22436761.
433, 51817
What are the prime factors of 277784?
2, 13, 2671
What are the prime factors of 40899351?
3, 907, 15031
What are the prime factors of 180462?
2, 3, 19, 1583
What are the prime factors of 4094215?
5, 19, 71, 607
List the prime factors of 559763.
131, 4273
List the prime factors of 12554252.
2, 3138563
List the prime factors of 581408.
2, 18169
List the prime factors of 1059760.
2, 5, 13, 1019
List the prime factors of 1074894.
2, 3, 31, 5779
List the prime factors of 943695.
3, 5, 67, 313
What are the prime factors of 388197?
3, 43133
List the prime factors of 234142.
2, 117071
What are the prime factors of 6478537?
13, 71, 7019
What are the prime factors of 2855202?
2, 3, 7, 157, 433
What are the prime factors of 907906?
2, 37, 12269
List the prime factors of 1289604.
2, 3, 107467
List the prime factors of 35230381.
35230381
List the prime factors of 532867.
532867
What are the prime factors of 15056921?
11, 1368811
What are the prime factors of 86447?
137, 631
List the prime factors of 315928.
2, 17, 23, 101
List the prime factors of 154976.
2, 29, 167
List the prime factors of 2340132.
2, 3, 191, 1021
What are the prime factors of 1266643?
7, 180949
What are the prime factors of 15784186?
2, 11, 717463
List the prime factors of 5090856.
2, 3, 43, 4933
List the prime factors of 2274430.
2, 5, 17, 787
List the prime factors of 3211265.
5, 642253
What are the prime factors of 1995536?
2, 124721
List the prime factors of 1792429.
17, 105437
List the prime factors of 4088358.
2, 3, 227131
List the prime factors of 22370107.
29, 757, 1019
List the prime factors of 138863.
138863
What are the prime factors of 7462753?
7462753
List the prime factors of 257390.
2, 5, 7, 3677
List the prime factors of 263521.
263521
What are the prime factors of 2845331?
173, 16447
List the prime factors of 105889.
7, 2161
What are the prime factors of 1901029?
13, 257, 569
List the prime factors of 10066825.
5, 281, 1433
List the prime factors of 24518237.
24518237
What are the prime factors of 1911942?
2, 3, 106219
List the prime factors of 4624.
2, 17
List the prime factors of 965095.
5, 251, 769
What are the prime factors of 311134?
2, 17, 9151
List the prime factors of 6641934.
2, 3, 13, 17, 5009
List the prime factors of 8240729.
7, 1177247
List the prime factors of 2515570.
2, 5, 107, 2351
List the prime factors of 7466456.
2, 29, 32183
List the prime factors of 6421.
6421
What are the prime factors of 246077?
13, 23, 823
List the prime factors of 675877.
675877
What are the prime factors of 5432046?
2, 3, 131, 6911
List the prime factors of 379074.
2, 3, 63179
What are the prime factors of 2990327?
571, 5237
What are the prime factors of 130396?
2, 7, 4657
List the prime factors of 390963.
3, 19
List the prime factors of 30449.
30449
List the prime factors of 841272.
2, 3, 35053
List the prime factors of 27517360.
2, 5, 13, 26459
What are the prime factors of 3017848?
2, 377231
What are the prime factors of 764344?
2, 7, 13649
List the prime factors of 5337403.
23, 109, 2129
List the prime factors of 7504290.
2, 3, 5, 199, 419
What are the prime factors of 13455?
3, 5, 13, 23
What are the prime factors of 21182?
2, 7, 17, 89
What are the prime factors of 1348612?
2, 337153
What are the prime factors of 98472?
2, 3, 11, 373
What are the prime factors of 1388888?
2, 139, 1249
What are the prime factors of 194904?
2, 3, 2707
What are the prime factors of 88517?
11, 13, 619
List the prime factors of 302492.
2, 47, 1609
What are the prime factors of 264277?
13, 29, 701
What are the prime factors of 281398?
2, 13, 79, 137
List the prime factors of 330710.
2, 5, 33071
What are the prime factors of 5951176?
2, 7, 11, 9661
What are the prime factors of 373117?
79, 4723
List the prime factors of 5673971.
17, 59, 5657
What are the prime factors of 985063?
985063
List the prime factors of 3015841.
3015841
List the prime factors of 11216929.
11216929
What are the prime factors of 236103?
3, 7, 11243
List the prime factors of 13581246.
2, 3, 7, 191, 1693
What are the prime factors of 47493?
3, 1759
List the prime factors of 5191254.
2, 3, 288403
What are the prime factors of 249384?
2, 3, 10391
What are the prime factors of 567709?
23, 24683
List the prime factors of 89734.
2, 44867
List the prime factors of 9036090.
2, 3, 5, 7, 683
What are the prime factors of 1244207?
251, 4957
List the prime factors of 1377986.
2, 17, 40529
List the prime factors of 739513.
739513
What are the prime factors of 149950?
2, 5, 2999
What are the prime factors of 263966?
2, 59, 2237
List the prime factors of 724307.
509, 1423
What are the prime factors of 9344?
2, 73
What are the prime factors of 1726984?
2, 7, 30839
List the prime factors of 1669560.
2, 3, 5, 13913
What are the prime factors of 21336611?
281, 75931
What are the prime factors of 84774?
2, 3, 71, 199
What are the prime factors of 75664?
2, 4729
What are the prime factors of 1412564?
2, 17, 20773
What are the prime factors of 360673?
29, 12437
List the prime factors of 668982.
2, 3, 111497
List the prime factors of 2995205.
5, 353, 1697
List the prime factors of 216093.
3, 72031
List the prime factors of 304049.
304049
List the prime factors of 72372.
2, 3, 37, 163
List the prime factors of 8941874.
2, 4470937
List the prime factors of 3171888.
2, 3, 22027
List the prime factors of 168556.
2, 42139
What are the prime factors of 4124209?
31, 133039
What are the prime factors of 1780410?
2, 3, 5, 17, 3491
List the prime factors of 35011871.
149, 234979
What are the prime factors of 197195?
5, 39439
What are the prime factors of 1265379?
3, 463, 911
What are the prime factors of 899048?
2, 41, 2741
List the prime factors of 480304.
2, 11, 2729
List the prime factors of 2777412.
2, 3, 11, 53, 397
What are the prime factors of 13269925?
5, 530797
What are the prime factors of 549553?
549553
What are the prime factors of 140463?
3, 15607
What are the prime factors of 171353?
7, 13, 269
What are the prime factors of 19822288?
2, 1238893
List the prime factors of 1454917.
241, 6037
What are the prime factors of 21705823?
139, 156157
What are the prime factors of 9747756?
2, 3, 43, 2099
List the prime factors of 227335.
5, 19, 2393
What are the prime factors of 228817?
19, 12043
What are the prime factors of 497978?
2, 13, 107, 179
List the prime factor